n 5781 is divided by 152?
5
What is the remainder when 370057 is divided by 77?
72
What is the remainder when 1896467 is divided by 28?
27
What is the remainder when 932877 is divided by 690?
687
What is the remainder when 70157 is divided by 322?
283
What is the remainder when 27356 is divided by 582?
2
Calculate the remainder when 1074 is divided by 52.
34
What is the remainder when 68331 is divided by 11?
10
Calculate the remainder when 10950 is divided by 10929.
21
Calculate the remainder when 20893 is divided by 81.
76
Calculate the remainder when 17295 is divided by 8481.
333
What is the remainder when 8800 is divided by 226?
212
What is the remainder when 290000 is divided by 338?
334
Calculate the remainder when 393 is divided by 66.
63
What is the remainder when 6002 is divided by 42?
38
Calculate the remainder when 60071 is divided by 102.
95
Calculate the remainder when 21464 is divided by 18.
8
Calculate the remainder when 144107 is divided by 14410.
7
Calculate the remainder when 26373 is divided by 8741.
150
What is the remainder when 40235 is divided by 387?
374
Calculate the remainder when 260523 is divided by 35.
18
What is the remainder when 50392 is divided by 23?
22
Calculate the remainder when 851 is divided by 32.
19
What is the remainder when 45925 is divided by 8?
5
What is the remainder when 9231 is divided by 79?
67
Calculate the remainder when 37054 is divided by 226.
216
Calculate the remainder when 15466 is divided by 34.
30
What is the remainder when 438256 is divided by 43?
0
Calculate the remainder when 3009 is divided by 43.
42
What is the remainder when 2256 is divided by 861?
534
What is the remainder when 5998905 is divided by 228?
225
What is the remainder when 1376 is divided by 121?
45
Calculate the remainder when 8373 is divided by 492.
9
Calculate the remainder when 20571 is divided by 127.
124
What is the remainder when 5126 is divided by 52?
30
What is the remainder when 38523 is divided by 86?
81
Calculate the remainder when 25971 is divided by 12980.
11
Calculate the remainder when 30558 is divided by 32.
30
Calculate the remainder when 50232 is divided by 1793.
28
What is the remainder when 2287 is divided by 21?
19
What is the remainder when 991 is divided by 41?
7
Calculate the remainder when 272762 is divided by 19.
17
What is the remainder when 21723 is divided by 557?
0
What is the remainder when 140232 is divided by 113?
112
What is the remainder when 1756662 is divided by 889?
887
Calculate the remainder when 236184 is divided by 59044.
8
Calculate the remainder when 54622 is divided by 44.
18
Calculate the remainder when 3925 is divided by 185.
40
What is the remainder when 4980 is divided by 139?
115
What is the remainder when 1988 is divided by 528?
404
What is the remainder when 1265 is divided by 147?
89
What is the remainder when 2164 is divided by 337?
142
What is the remainder when 705785 is divided by 182?
171
Calculate the remainder when 10239 is divided by 2552.
31
Calculate the remainder when 2449 is divided by 52.
5
What is the remainder when 10819 is divided by 171?
46
What is the remainder when 17447 is divided by 50?
47
Calculate the remainder when 45976 is divided by 209.
205
Calculate the remainder when 2911 is divided by 176.
95
Calculate the remainder when 61016 is divided by 12193.
51
What is the remainder when 585069 is divided by 292532?
5
Calculate the remainder when 1512 is divided by 301.
7
Calculate the remainder when 819 is divided by 41.
40
Calculate the remainder when 55724 is divided by 1990.
4
Calculate the remainder when 17787 is divided by 4433.
55
Calculate the remainder when 309286 is divided by 785.
781
Calculate the remainder when 17648 is divided by 92.
76
Calculate the remainder when 4960104 is divided by 289.
286
Calculate the remainder when 30686 is divided by 10212.
50
What is the remainder when 186754 is divided by 788?
786
Calculate the remainder when 2590 is divided by 172.
10
Calculate the remainder when 1636127 is divided by 494.
493
Calculate the remainder when 1190 is divided by 69.
17
Calculate the remainder when 271 is divided by 123.
25
What is the remainder when 5213 is divided by 161?
61
What is the remainder when 19220 is divided by 331?
22
Calculate the remainder when 133460 is divided by 320.
20
What is the remainder when 4563 is divided by 28?
27
Calculate the remainder when 1712 is divided by 160.
112
Calculate the remainder when 247375 is divided by 247363.
12
Calculate the remainder when 31905 is divided by 5261.
339
Calculate the remainder when 10804 is divided by 2661.
160
Calculate the remainder when 309104 is divided by 14.
12
Calculate the remainder when 13921 is divided by 111.
46
Calculate the remainder when 18989 is divided by 564.
377
What is the remainder when 103052 is divided by 34345?
17
Calculate the remainder when 239071 is divided by 10.
1
Calculate the remainder when 58232 is divided by 404.
56
Calculate the remainder when 2617 is divided by 90.
7
What is the remainder when 3936 is divided by 1873?
190
Calculate the remainder when 1979568 is divided by 134.
120
Calculate the remainder when 46843 is divided by 49.
48
What is the remainder when 240154 is divided by 760?
754
What is the remainder when 37923 is divided by 3447?
6
What is the remainder when 1471887 is divided by 430?
427
Calculate the remainder when 1312 is divided by 125.
62
What is the remainder when 1830441 is divided by 610142?
15
What is the remainder when 11342 is divided by 100?
42
What is the remainder when 74866 is divided by 443?
442
Calculate the remainder when 601785 is divided by 22.
19
What is the remainder when 2768 is divided by 420?
248
What is the remainder when 1689 is divided by 94?
91
What is the remainder when 113967 is divided by 37977?
36
Calculate the remainder when 279 is divided by 217.
62
What is the remainder when 16892 is divided by 12?
8
What is the remainder when 82383 is divided by 515?
498
What is the remainder when 10652 is divided by 1758?
104
What is the remainder when 2311 is divided by 46?
11
Calculate the remainder when 23412 is divided by 62.
38
What is the remainder when 37403 is divided by 37398?
5
Calculate the remainder when 43084 is divided by 654.
574
Calculate the remainder when 54196 is divided by 19.
8
What is the remainder when 10355 is divided by 10?
5
What is the remainder when 2703 is divided by 211?
171
What is the remainder when 2967 is divided by 11?
8
Calculate the remainder when 461976 is divided by 57.
48
What is the remainder when 85394 is divided by 454?
42
Calculate the remainder when 14051 is divided by 4680.
11
Calculate the remainder when 2343 is divided by 221.
133
What is the remainder when 1970 is divided by 117?
98
What is the remainder when 1264 is divided by 550?
164
Calculate the remainder when 8354 is divided by 8347.
7
What is the remainder when 297657 is divided by 615?
612
What is the remainder when 12991 is divided by 1443?
4
Calculate the remainder when 4199135 is divided by 408.
407
Calculate the remainder when 751516 is divided by 1342.
1338
Calculate the remainder when 1236 is divided by 23.
17
What is the remainder when 9597 is divided by 292?
253
Calculate the remainder when 76360 is divided by 38174.
12
Calculate the remainder when 3534 is divided by 857.
106
Calculate the remainder when 4251 is divided by 57.
33
Calculate the remainder when 7007 is divided by 20.
7
Calculate the remainder when 41587 is divided by 167.
4
Calculate the remainder when 4340 is divided by 364.
336
What is the remainder when 25595 is divided by 4?
3
What is the remainder when 2259 is divided by 376?
3
What is the remainder when 12244 is divided by 11950?
294
Calculate the remainder when 53656 is divided by 459.
412
What is the remainder when 67741 is divided by 589?
6
What is the remainder when 5555 is divided by 1847?
14
Calculate the remainder when 746 is divided by 140.
46
Calculate the remainder when 949 is divided by 627.
322
Calculate the remainder when 1324 is divided by 662.
0
Calculate the remainder when 21203 is divided by 19.
18
Calculate the remainder when 46835 is divided by 18.
17
What is the remainder when 1082 is divided by 335?
77
What is the remainder when 2994737 is 